5. Let l be b(0). Suppose 27 + l = 2*y - 4*a, -5*a - 20 = 0. Is y a composite number?
False
Suppose -3*t + 0*t - 27 = 2*i, -5*t = 4*i + 45. Let z(q) = -42*q - 11. Is z(t) prime?
True
Let p(b) be the second derivative of -143*b**5/20 + b. Let k(n) = n - 8. Let f be k(7). Is p(f) a prime number?
False
Let m(o) = 2*o - 9. Let t be m(7). Suppose -3*d - t*a + 1620 = -4*a, -5*d + 5*a = -2720. Is d a composite number?
False
Suppose -5*p + 97 = 2*v, 2*v + 5*p = -2*v + 169. Suppose 5*z = 2*y - v - 22, -30 = -2*y - 2*z. Is y prime?
True
Let s = -108 - -159. Is s composite?
True
Let u(g) = 5*g**2. Let c be u(2). Suppose -9 - 19 = -a + 5*q, -a + c = -3*q. Let b(v) = 2*v**2 - 5*v + 1. Is b(a) a prime number?
True
Suppose 531 = 3*l + x + 2*x, -3*x = 4*l - 708. Suppose i - 3*w - l = 6*i, -3*w = -i - 21. Is (i + 0)/(-3 + 2) prime?
False
Let l be 0 - (0 - 16)/(-1). Let n = l - -47. Is n composite?
False
Let f = 4 - 2. Suppose -143 = -3*t - 3*i - 29, 0 = 2*i - f. Is t a prime number?
True
Let z = 283 + -60. Is z composite?
False
Suppose -22*q + 25*q + 84 = 0. Is (77/(-2))/(14/q) a composite number?
True
Let z = 6 + -4. Suppose z*r - 5*w - 47 = 0, 0*r = -2*r - 5*w + 77. Is r a prime number?
True
Let q be (-1*(-3 + 2))/1. Suppose 4*h + 2*j - 26 = 0, 5*j = h - 0 - q. Suppose -h*u = -u - 655. Is u composite?
False
Suppose 4*f = -0*f - 5*z + 728, 0 = -5*f + 2*z + 943. Is f composite?
True
Let j = 38 + -24. Is j composite?
True
Suppose 5*i = 13 + 12. Suppose 0 = i*n - 99 + 4. Is n prime?
True
Suppose 0 = -2*y - 4 + 94. Suppose -2*x + 1 = -y. Is x prime?
True
Suppose 658 = t + 6*m - m, m = 2*t - 1349. Is t prime?
True
Let u(j) = -810*j**3 + j**2 + 4*j + 2. Is u(-1) prime?
True
Suppose -14600 = -10*w + 990. Is w a prime number?
True
Let c be (-4)/(8/(-14)) - 3. Is (-21399)/(-91) + c/(-26) a prime number?
False
Let g be 1 + 0 + (0 - -1). Suppose -13 = -2*u + 3*a, 3*u + g*a - a - 47 = 0. Is (u/(-8))/((-5)/380) composite?
True
Suppose 2*z + 5*u - 502 = 9*u, 1267 = 5*z + 2*u. Is z composite?
True
Let m = -12 + 4. Let u = 7 + m. Is (13/(-2))/(u/2) a composite number?
False
Let f be 9 + (2 - 5) + -1. Suppose -4*a = -0*c - 3*c - 99, -f*a + c = -110. Is a prime?
False
Suppose 3*m + 5 = -1, 3*k - 7 = -4*m. Suppose 0 = -k*d + 84 + 1211. Is d a composite number?
True
Let h(r) = 9*r. Let t be h(-1). Let b(z) = -z**3 - 8*z**2 + 8*z - 6. Let q be b(t). Suppose q*u = 0, -77 = -g - 5*u + 6. Is g composite?
False
Let l = 13 + -8. Suppose -l*k = 3*c + 35, 2*k = -2*k - 16. Let o(z) = z**3 + 6*z**2 + 4*z + 2. Is o(c) a prime number?
True
Let l(u) = 2*u**2 - 4*u + 2. Let m be l(-8). Suppose -3*g + m = -3*j, -4*j + 104 = 2*g - 2*j. Is g a prime number?
True
Let n = 5750 + -3361. Is n a prime number?
True
Suppose 24 = 4*v + 2*j, 2*j = -3*v + j + 20. Let x(q) = -3*q**2 + 5*q**2 + q - 2*q - v. Is x(-7) a composite number?
False
Suppose -4*s + 5 + 3 = 0. Let j be ((-18)/30)/(s/(-20)). Suppose -4*y - j*p + 3*p + 362 = 0, -2*y + 170 = -4*p. Is y a composite number?
False
Let w(z) = -3*z - 8. Let g be w(-6). Suppose 0 = -b + g + 5. Is b prime?
False
Let z(a) = 19*a + 2. Let q(j) = 10*j + 1. Let c(h) = 5*q(h) - 3*z(h). Is c(-5) a prime number?
False
Suppose -312 = 7*p - 9*p + 5*o, 4*p - 588 = o. Is p composite?
True
Let n(v) = -18*v. Let h = 10 - 6. Let m be n(h). Let p = m + 155. Is p prime?
True
Suppose v - 2*r - 7 = 0, 4*v = 2*v - r + 4. Suppose 5*n - 7*g - 5559 = -v*g, -5*n - 5*g = -5595. Is n prime?
False
Is 191 + -1 + 3 + -2 a prime number?
True
Suppose -5*c - 995 = -5*x, -3*x + 583 = -3*c - 7*x. Let d = -130 - c. Is d a prime number?
True
Is (-1599)/(-27) + 2/(-9) prime?
True
Let p be 2 + (3*-2)/(-2). Suppose p*a - 90 = 75. Is a composite?
True
Let z be (-6)/(-2) + 2*-10. Let q = z - -36. Suppose -v = d + q - 127, -v + 96 = 5*d. Is v a composite number?
True
Suppose 5*l + 1085 = 10*l. Is l composite?
True
Let h(c) = 29*c**2 + 3*c + 1. Suppose 2*v + s = 2*s - 5, 0 = v + 5*s - 3. Is h(v) prime?
False
Let v(t) = -6*t + 195. Let f(i) = 7*i - 194. Let h(o) = 4*f(o) + 5*v(o). Is h(0) a prime number?
True
Is (-13 + 0)/(725/365 + -2) a composite number?
True
Let c(b) be the third derivative of 5*b**4/24 + 5*b**3/6 + 4*b**2. Is c(6) prime?
False
Suppose 2*y + 1 = 3. Is 2 + (-1 - (-12 - y)) composite?
True
Suppose -346 = 5*j - 1931. Is j a prime number?
True
Let t = -3 - -12. Let c = t + -7. Suppose c*k - 36 = 2. Is k a composite number?
False
Suppose 0 = -5*h + h + 1524. Is h prime?
False
Is (-39)/12*-36*1 + 2 a composite number?
True
Suppose -4*o + 48 = -0*g - 4*g, -5*o = 2*g - 88. Suppose r + 38 = 2*r + k, 4*k - o = 0. Is r composite?
True
Let m(n) = 31*n**3 - n**2 - n + 1. Let o be m(1). Is 6/o - 138/(-10) prime?
False
Let d = -3 + 7. Suppose 5*v = g + 334, -3*g + 200 = 3*v - d*g. Is v prime?
True
Is (-14)/(-49) + (-150)/(-14) a prime number?
True
Let y(q) be the second derivative of -q**4/12 - q**3 + 7*q**2/2 - q. Let d be y(-5). Suppose 0 = 3*o - d, -3*j - 2*o + 28 = -j. Is j a prime number?
False
Let i = 8 - 6. Is (2 - 0)/i*7 a prime number?
True
Suppose 2*u - 3*u = 3, -5*n = 5*u + 15. Suppose b + r - 118 = n, 5*b - 376 = 2*r + 221. Is b a composite number?
True
Let k(m) = -2*m**3 - 2*m**2 + 3*m + 2. Let z be k(-2). Suppose -6 = -z*i + i. Suppose 31 = i*p - 11. Is p prime?
False
Suppose -12*r + 4197 = -9*r. Is r a prime number?
True
Suppose 0 = 3*m - 2*b - b - 444, 5*m = 3*b + 736. Is m a composite number?
True
Let u(k) = k + 6. Let p be u(-5). Let d = p + -1. Let z(c) = c + 6. Is z(d) composite?
True
Suppose -5*r - 50 = -5*s, -6*r = -3*s - r + 22. Suppose 0 = -19*o + s*o + 175. Is o a composite number?
True
Suppose -1580 - 3669 = -4*y - p, 5*y = -3*p + 6570. Is y/11 - (-2)/(-11) composite?
True
Suppose 3*u + 5 = 5*w + 550, -2*w - 218 = -u. Suppose -5*i = 4*t + 76, -5*i = 3*t - 2*t + 79. Let m = i - w. Is m a prime number?
False
Suppose 10*t - 3 = 7*t. Let v(y) = 66*y**3 + 2*y**2 - 2*y + 1. Is v(t) prime?
True
Let q = 510 + -179. Is q a prime number?
True
Let f(o) = o**2 - 6*o + 5. Let n be f(5). Let y be -1 - (0 + n + -12). Let c = y + 20. Is c a prime number?
True
Let p(x) = -x**3 + 8*x**2 - 7*x - 1. Let y be p(7). Let t = y + 6. Suppose b - 4*v = 26, 2*v = t*v + 15. Is b a composite number?
True
Let t(z) = -16*z**3 - 2*z**2 - 3*z - 1. Let n be t(3). Is n/(-5) - (3 + 0) prime?
True
Suppose -3*t + o + o = 0, t = 2*o - 4. Is (-3)/(1 - 4)*t a prime number?
True
Suppose 5*f + 4*u - 3038 = 1405, 2*f + 4*u - 1782 = 0. Is f composite?
False
Let j(l) = -490*l**3 + 3*l**2 + 5*l - 3. Let v be j(3). Is (-4)/30 - v/45 a prime number?
True
Let o(n) be the first derivative of 5*n**4/4 - 2*n**3/3 - 3*n**2/2 - 2*n - 2. Is o(3) composite?
True
Let m be (-29)/2*(-3 + 1). Suppose -5*h - 213 = -4*r - 75, -r + 4*h = -m. Is r a prime number?
True
Suppose -4*c - 2224 = -9*c - 3*k, 5*k + 1314 = 3*c. Is c a prime number?
True
Let g = 21 - -106. Is g prime?
True
Suppose 4*k + 2356 = 8*k. Is k prime?
False
Let h = 21 + 128. Is h composite?
False
Suppose 0*x + 5*x - 30 = 0. Suppose 0*y - x = -3*y. Is -1*(y - 7)*5 composite?
True
Suppose -3*y + 77 + 80 = x, -4*x = -5*y - 560. Suppose -4*n = -5*n + x. Is n composite?
True
Let z be (-30 + 0)*(-4)/10. Is ((-148)/(-6))/(8/z) composite?
False
Suppose 546 = 5*n - 2*z - 886, -4*z + 1456 = 5*n. Let w = n + -65. Is w prime?
True
Let l = 6 + -6. Suppose 161 = m + 2*c, -5*m + 820 = 5*c - l*c. Is m a prime number?
True
Is ((-9)/(4 + 5))/(2/(-4874)) a composite number?
False
Let h(f) be the third derivative of -f**6/120 + f**5/6 + 13*f**4/24 + 5*f**3/2 - f**2. Suppose 16 = 4*i, 4*i = -5*m + 3*i + 59. Is h(m) a composite number?
False
Let h = -368 + 547. Is h a composite number?
False
Suppose 2*m - 109 = -3*j, -2*m - 32 - 69 = -3*j. Let f be (-9)/((-2 + 4)/(-2)). Let b = j - f. Is b composite?
True
Suppose -88 = j - 675. Is j prime?
True
Let g(p) = p**3 + 18*p**2 + 22*p + 19. Let c be g(-16). Suppose 0 = -q - 4*i + c, q - 3*i - 197 = -i. Is q a composite number?
False
Suppose 0 = -3*s + 3 + 750. Is s prime?
True
Suppose 3*i - 63 - 21 = 0. Suppose 0*r - i = -2*r. Is r prime?
False
Let k(m) = -m**3 + 8*m**2 + 2*m - 9. Let p be k(6). Let o be p*(-2)/4*2. Is ((-4)/(-5))/((-10)/o) prime?
False
Suppose -4*r = -5*s + 2*s - 66, -2*s + 71 = 5*r. Is r a composite number?
True
Let g(h) = 5*